4. List the prime factors of (50/(-15))/(p/(-117)).
5, 13
Let n(x) = -x**3 - 2*x**2 + x - 4. Let s be (-86)/(-4) - (-4)/(-8). Suppose 0 = 2*c + 4*l + s + 7, -5*c - 4*l - 40 = 0. List the prime factors of n(c).
2, 3
Let n(s) = -s - 4. Let u be n(-4). Suppose u*m + 164 = 4*m. What are the prime factors of m?
41
Suppose 8*h = 6*h - 3612. What are the prime factors of h/(-11) - 12/66?
2, 41
Let d(p) = -3*p**3 - 4*p**2 - p - 2. Let m be d(-4). Suppose -4*q + 70 + m = 0. What are the prime factors of q?
2, 5
Let s(x) = 4*x + 35. Let p be s(-9). List the prime factors of -4 - ((-6)/(-12))/(p/258).
5
Let z(q) be the third derivative of -q**6/120 + q**5/10 - q**4/8 - q**3/3 - 2*q**2. Let p be z(5). Suppose p = 2*g - 6. List the prime factors of g.
7
Let f be (-12)/(-5)*35/14. Let c = 24 + f. List the prime factors of c.
2, 3, 5
Let q(z) = z**3 - 2*z**2 - 19*z + 17. Let f be q(5). What are the prime factors of (-230)/(-15)*(f - 21*-1)?
2, 3, 23
Let p = -231 - -572. List the prime factors of p.
11, 31
Suppose 0*k - 2*k + 11 = w, -4*w = 5*k - 32. Let d be 6/(-5)*(-10)/3. Suppose 45 = w*f - d*n, -f - n = -0*f - 22. List the prime factors of f.
19
Let t(p) = p**3 - 3*p**2 + 3*p. Let g be t(3). Let a(f) = -10 + 1 + 2*f**2 + 5*f + 6*f - 3*f**2. What are the prime factors of a(g)?
3
Suppose -4*m - 11 = -27. What are the prime factors of 0 + -5 + m - 2*-13?
5
Suppose -3*x + 30 = 3*x. Suppose x*r = -v + 608, 3*r - 2*r - 5*v - 106 = 0. List the prime factors of r.
11
Suppose -3*j = -t - 131 - 14, -j = 4*t - 44. Suppose j + 98 = 2*n. List the prime factors of n.
73
Let h be -1 + 110 - (5 + -3). Let x = h - 18. What are the prime factors of x?
89
Let l = 514 - 195. What are the prime factors of l?
11, 29
Suppose -f = -4*l - 47, 5*f + 2*l - 277 = l. What are the prime factors of f?
5, 11
Let c(u) = -6*u. Let a be c(3). Let l be (-6)/a + (-8)/6. Let k = l + 5. List the prime factors of k.
2
Let y be (-11 + 228)*(2 - 1). Let p = y - 56. List the prime factors of p.
7, 23
Let s = 79 - 76. What are the prime factors of -2*s/(-6) - 1*-216?
7, 31
What are the prime factors of (-1)/(2*1/(-1556))?
2, 389
Let m(y) = 5*y + 123. List the prime factors of m(25).
2, 31
Let i(d) be the first derivative of -d**3/3 + 27*d**2/2 - 37. List the prime factors of i(12).
2, 3, 5
Let j = -6 - -10. Let p(n) = 1 + 1 + j + 67*n**3 - 4 - 3*n. List the prime factors of p(1).
2, 3, 11
Let i(z) = z + 4. Let l be i(11). Suppose 14*j - 11*j - l = 0. Suppose -180 = -j*k + 3*n, 4*k - 127 = -0*k - n. List the prime factors of k.
3, 11
Let n = -7 + -40. Let s = -36 - n. What are the prime factors of s?
11
Let l(u) = 42*u + 2. Let b(y) = 42*y + 2. Let d(t) = -4*b(t) + 3*l(t). Let a be d(-1). Let f = a - 29. What are the prime factors of f?
11
Let c(q) = -q**2 + 6*q + 16. Let j be c(8). Suppose j = 5*h + 3 - 18. What are the prime factors of h?
3
Let b = -2165 - -3835. List the prime factors of b.
2, 5, 167
Let k(v) = 8*v - 5. Let o be k(7). Let y = o + -18. What are the prime factors of y?
3, 11
Let q = 28 - 33. What are the prime factors of q/5*6*-8?
2, 3
Suppose 0 = w - 22*v + 26*v - 911, -2*w = 2*v - 1798. List the prime factors of w.
5, 179
Suppose -32*u + 5898 + 20982 = 0. List the prime factors of u.
2, 3, 5, 7
Let d(m) = 2*m**3 - 2*m**2 + m + 1. Let h be d(2). Let p = h + -1. List the prime factors of 210/(-12)*(-24)/p.
2, 3, 7
Suppose c = -3*i + 3839, -11*c = -2*i - 8*c + 2541. What are the prime factors of i?
2, 3, 71
Suppose f + 44*i - 1725 = 48*i, 2*i = 0. What are the prime factors of f?
3, 5, 23
List the prime factors of (-8)/(-56) - (-5137)/7.
2, 367
Suppose 0 = -4*t - 2*f + 8386, 82*t - 4213 = 80*t + 3*f. List the prime factors of t.
2099
Suppose 2*c + 3 = c, 0 = -2*p + 3*c + 45. Suppose 0 = -4*w + 116 - 0. Let b = w - p. What are the prime factors of b?
11
What are the prime factors of (859 - 3)*(-1)/(-2)?
2, 107
Let u be 3*-1 + (0 - -9). Suppose 3*q + 2*h + u = h, h - 9 = 2*q. What are the prime factors of (8/q)/(1/(-3))?
2
Let p be (12/(-16) - 2/(-8))*-650. Suppose 0 = 2*z - 671 + p. What are the prime factors of z?
173
Let o(y) = 34*y**2 - 21*y + 46. What are the prime factors of o(3)?
17
Let n(h) = h**3 - 6*h**2 + 14*h - 22. What are the prime factors of n(8)?
2, 109
Suppose 96*k = 108*k - 636. List the prime factors of k.
53
Let u(b) be the third derivative of -b**4/24 + 13*b**3/6 - b**2. Let s be u(8). Suppose -s*v + 0*j = 5*j - 5, 3*v + 1 = -5*j. What are the prime factors of v?
3
Suppose 0 = 5*b - 4*r - 10694, 2*b + 231*r = 228*r + 4296. What are the prime factors of b?
2, 3, 7, 17
Suppose h + 9 = 3*h - n, -5*h + 20 = -5*n. Suppose 5*z = -10, 5*z = 3*g - 4*g + 113. Suppose h*q + 3*a - 2*a = 111, 5*q = 2*a + g. List the prime factors of q.
23
Let p = 103 + 85. List the prime factors of p.
2, 47
Let p(o) = o**2 + 11*o + 4. Let g be 40 + -1*(-2 - -4). Suppose 5*a + 98 = g. What are the prime factors of p(a)?
2
Let y(p) be the first derivative of p**3/2 - 2*p**2 - 2*p + 3. Let k(f) be the first derivative of y(f). List the prime factors of k(8).
2, 5
Suppose i + 5*l = 3*i - 96, -2*i = -4*l - 98. List the prime factors of i.
53
Let i = 417 - 347. List the prime factors of i.
2, 5, 7
Suppose 2*h + 4*h = 2592. Suppose 4*m - 129 = i - 2*i, -4*i + 5*m = -h. What are the prime factors of i?
113
Suppose r - 3*k = 85, -2*k - 127 = 4*r - 425. Let y = r - -1. Let m = y - 53. What are the prime factors of m?
2, 3
Let t(x) = -82*x + 367. List the prime factors of t(-8).
3, 11, 31
Let i be (5 - 1)*-16*1. Let a be ((-3)/2)/((-32)/(-960)). Let h = a - i. What are the prime factors of h?
19
Suppose 4*u - 17 = 3*i, 8 = u + 2*i + i. Suppose 2 = 2*l - 3*y - 1, 0 = -4*l + u*y + 7. List the prime factors of -5*(2 + l*-3).
5, 7
Let n = 6259 + -3642. What are the prime factors of n?
2617
Let p be (1 + -1)*3/(-6). Let o = p - -4. Suppose 0*g - g = t - 6, 19 = o*g - t. List the prime factors of g.
5
Let v = 2896 - 2067. What are the prime factors of v?
829
Let g(w) be the first derivative of w**4/4 + w**3/3 - w**2/2 + 165*w - 14. List the prime factors of g(0).
3, 5, 11
Suppose 5*l = -5*n - 365, 134 = -l - l - 5*n. List the prime factors of 4/22 + (-2912)/l.
2, 19
Suppose 1412 = -24*u + 14708. What are the prime factors of u?
2, 277
Suppose -1 = -2*r + 1, -2*z = -r - 5. Suppose 7 + 20 = 5*u - 3*t, z*t = -12. Suppose f = o - 28, 5*o - o = u*f + 112. List the prime factors of o.
2, 7
Suppose -22*h + 16*h + 1572 = 0. What are the prime factors of (-2 - -4)*h/(-4)*-1?
131
Let v be 13616/(-12) + 10/15. Let y be 1/(3*(-2)/v). Let s = y + -133. List the prime factors of s.
2, 7
Let v = 4584 - 3190. What are the prime factors of v?
2, 17, 41
Suppose 3*u = 7*u + 4. Let j = u - -1. Suppose j = -2*o + 3*z - 4*z + 40, -5*o + 95 = 5*z. What are the prime factors of o?
3, 7
Let c = -278 + 1579. List the prime factors of c.
1301
Suppose -4*u + 11*u - 203 = 0. What are the prime factors of 2 + (-4 - -5)*u?
31
What are the prime factors of ((-4)/(-22) - (-10490)/22) + 2?
479
Let t(s) = -s**2 + 5*s - 3. Let a be t(3). Suppose -4*r - 4 = -p + 5, -a = -3*p. List the prime factors of (22 + -15)/(r/(-10)).
5, 7
Let r(o) be the second derivative of 2*o**3 - o**2 - 17*o. What are the prime factors of r(3)?
2, 17
Suppose 2*m + 6 = -0*m. List the prime factors of (99/m)/3*-6.
2, 3, 11
Let m(r) = 22*r**2 + 4*r + 16. Let o be m(-5). Let b = o - 341. List the prime factors of b.
5, 41
List the prime factors of ((-15)/(-9))/(55/49962).
2, 757
Suppose -12*s - 220 = 488. Let i = 139 + s. What are the prime factors of i?
2, 5
Let c(w) = w**2 - 16*w - 7. Let z be c(17). List the prime factors of (-1 - -6)*(-55)/(z/(-2)).
5, 11
Let t be (9/(108/(-8)))/(2/(-2526)). Suppose t + 22 = 6*h. List the prime factors of h.
2, 3
Suppose 0 = 9*x - 14*x + 5, 4*c = x + 17759. What are the prime factors of c?
2, 3, 5, 37
Let j(n) = n**3 + 11*n**2 + 17*n - 8. Let g be j(-9). What are the prime factors of (-21)/(-12) - g/(-4)?
2
Let r(j) be the first derivative of -7 + 7/3*j**3 + 1/4*j**4 + 5*j - j**2. List the prime factors of r(-7).
19
Let g(l) = 5*l**2 - 8*l + 51. What are the prime factors of g(8)?
307
Let r = -6 - -3. Let a = -118 - -114. List the prime factors of (a - r/1) + 13.
2, 3
Suppose 0 = -4*d + 3*u - 527, -3*u - 277 = 2*d - 0*d. Let r = 2